x = -107 + 126. Suppose -2*k + 114 = -k. What is the greatest common factor of k and x?
19
Let s be 3*((-10)/6)/5. Let f be (-5)/10*(-9 + s). Calculate the highest common divisor of 5 and f.
5
Let t be (-105)/28 + 1/(-4). Suppose -d - p = 3 - 0, -6 = 3*d + 4*p. Let y be (t/(-3))/((-4)/d). Calculate the highest common factor of 2 and y.
2
Suppose 3*z - 6 = 3*o, -2*z + 4 + 3 = o. Let k be (2 - 2 - o)*-3. Let b be k/((2 - 0)/24). What is the highest common factor of b and 24?
12
Let b(o) = -o**2 + 8*o - 7. Let c be b(6). Let k(h) = 4*h**2 - 3 - h**2 + 2*h**2 - 3*h**2. Let m be k(3). Calculate the greatest common factor of c and m.
5
Let i = -30 + 65. Let d be 14 + (-3 + 3)*1. What is the highest common divisor of d and i?
7
Let c(b) = b**2 + 4*b + 5. Let s be c(-3). Calculate the greatest common divisor of s and 6.
2
Let t = 3 + 19. Suppose -2*q = -3*g, -4*q - 1 = -2*g - 3*q. What is the greatest common factor of g and t?
2
Let h(r) = -r**2 - 13*r - 22. Let l be h(-9). Calculate the highest common factor of l and 56.
14
Let s(t) = t**2 + 3*t + 6. Let y = -4 - 0. Let d be s(y). Calculate the highest common divisor of d and 5.
5
Suppose 2*v - v + 17 = 4*s, 5*s + 5*v = 40. Let d = -5 - -6. What is the highest common divisor of d and s?
1
Let s(j) = -j**3 + 6*j**2 + 8*j - 2. Let l be s(7). Suppose -l*a + 28 = -3*a. What is the greatest common divisor of 154 and a?
14
Let t(h) = -h + 13. Let k be t(8). What is the highest common factor of 10 and k?
5
Let x(m) = -5*m - 13. Let r be x(-4). Calculate the highest common factor of 77 and r.
7
Let a be 86/7 + (-2)/7. Let p be (-6 - -4)/((-2)/60). Calculate the greatest common divisor of a and p.
12
Let x be 17 + 0*(-2)/6. What is the greatest common divisor of 136 and x?
17
Let s = -19 + 22. Suppose -t - t + 4*b = 6, -s*b = -3*t. Calculate the greatest common divisor of 33 and t.
3
Let v be -2 + 5 + 0 + 1. Suppose v*r + 5*z - 130 = 0, -3*r - z + 86 + 6 = 0. Let o = 129 + -84. Calculate the greatest common factor of o and r.
15
Let x(t) = t**2 + 4*t - 5. Let v be x(-4). Let m be (3/v)/(5/(-75)). What is the highest common factor of 45 and m?
9
Let p be (16/12)/(2/(-51)). Let l = p - -48. Let j be -2*1*14/(-4). What is the highest common divisor of l and j?
7
Let k(n) = 3*n + n - 3*n. Let j be k(-2). Let p be 1/(-2)*(-94 + j). What is the highest common factor of 16 and p?
16
Let o(v) = -49*v**2 - 5 - 6*v + 33*v**2 + 24*v**2. Let k be o(4). What is the greatest common divisor of 33 and k?
33
Suppose -9*q = -10*q + 9. Calculate the greatest common factor of 9 and q.
9
Suppose -5*y + 36 = 5*m - m, -5*m = 3*y - 19. Let a = y - 5. Calculate the greatest common factor of a and 12.
3
Let u(d) be the second derivative of -d**2 + 0 - 1/12*d**4 - d + 5/6*d**3. Let m be u(3). Calculate the greatest common divisor of m and 4.
4
Suppose -15*s + 167 = 17. What is the greatest common divisor of 80 and s?
10
Let w(f) = 4*f**2 + 90*f - 30. Let a be w(-23). Let d be (-10)/(-6) + 2/6. What is the highest common divisor of d and a?
2
Let s = -8 + 32. Suppose 4*b - 24 = s. Let f be b*(-1 - 1)/(-2). Calculate the greatest common divisor of 6 and f.
6
Suppose 3*l - y + 34 = 3, -5*l + 2*y - 53 = 0. Let k be (-84)/(-8) + l/(-6). Calculate the highest common factor of 8 and k.
4
Let r(j) = j**3 + 6*j**2 + 5*j + 1. Suppose 4*m - 3*m + 5 = 0. Let v be r(m). Suppose 0 = 4*g - 3 - v. What is the highest common factor of g and 5?
1
Suppose 330 = -4*b + 7*b. What is the highest common divisor of b and 44?
22
Let l = 186 + -105. What is the highest common divisor of 27 and l?
27
Suppose -5 = -l - 0*l. Let n(y) = 4*y + 4. Let k be n(l). Let w = -13 + 29. What is the greatest common divisor of k and w?
8
Suppose 0*c = c - 2*q - 54, 0 = 5*c - 2*q - 254. Let i(r) = -12*r + 3. Let p be i(2). Let k = 41 + p. What is the highest common factor of c and k?
10
Let a(c) = c**3 - 5*c**2 + 5*c - 5. Let w be a(4). Let b be 1*(w - 0)*-3. Let z be (1 + 117/b)/1. What is the highest common divisor of 10 and z?
10
Let l be (-1)/2 + (-157)/(-2). Suppose -a - l = -4*a. What is the greatest common divisor of 26 and a?
26
Let f be (-93)/(-6) - (-2)/4. What is the highest common factor of 224 and f?
16
Let t(z) be the first derivative of z**3/3 + 7*z**2/2 + 6*z + 2. Let g be t(-7). Let v be ((-12)/14)/((-1)/7). What is the highest common factor of v and g?
6
Let d = 23 + 19. Suppose -m + 3*g - 1 = -8, 4*m = -3*g + 28. Suppose -5*a = -4*b + 28, -3*a + a - m = -b. Calculate the highest common factor of b and d.
7
Let m be (51/(-12))/((-1)/8). What is the highest common divisor of m and 170?
34
Suppose -6*a + 8 = 2*a. Calculate the greatest common factor of 8 and a.
1
Suppose -5*y - 328 + 1378 = 0. What is the highest common divisor of 21 and y?
21
Suppose -8*m = -10*m - 12. Suppose 3*l - 3*q - 9 = 0, 2*l + 3*q - 4*q = 10. Let f = l + m. What is the highest common factor of 11 and f?
1
Let t be -4*((-3)/6)/(-1). Let c be (t + 1)/(9/(-648)). What is the highest common factor of c and 9?
9
Let p = -5 + 22. Suppose -3*a = 5*j + a - 599, 475 = 4*j - a. What is the highest common divisor of p and j?
17
Suppose n = -n + 20. Let d be -2 + 11 + 12/(-4) + -1. Calculate the greatest common divisor of d and n.
5
Suppose 0 = -4*j + f + 39, 4*j + 4*f - 28 - 16 = 0. What is the greatest common divisor of j and 100?
10
Let d(i) = 3*i**3 - 4*i**2 + 4*i - 6. Let v be d(3). Let o = 151 - v. What is the greatest common divisor of o and 20?
20
Let p = 16 + 66. Suppose -18 = 2*w - p. What is the highest common factor of 80 and w?
16
Let c be 4/14 - (-26)/7. Suppose 0*q + 7 = 2*l + 5*q, 3*l = 5*q + 73. Calculate the highest common divisor of c and l.
4
Let s(v) = -6*v - 6. Let u be 16/(-20)*(-1 + 11). Let n be s(u). Let h = 0 + 7. What is the highest common factor of n and h?
7
Suppose 4*g - 3*s - 66 = g, 2*g - 48 = 3*s. Let k be (-50)/(-4) + (-1)/2. What is the highest common factor of k and g?
6
Suppose -4*t + 16 = x, -t = -14*x + 12*x - 13. Calculate the greatest common factor of t and 4.
1
Let u(x) = x**3 - 4*x**2 - 8. Let s be u(9). Let v = 732 + -84. Suppose -5*j + v = -s. What is the greatest common divisor of 19 and j?
19
Suppose -7*g = -6*g - 16. What is the highest common factor of g and 4?
4
Suppose 0 = -y + 2. Let c(d) = -d**3 + 4*d**2 - d. Let i be c(y). Let m be ((-4)/(-5))/(3/((-60)/(-8))). What is the greatest common divisor of i and m?
2
Let u(o) = -3*o**3 - 2*o**2 - 2*o - 1. Let r be u(-1). What is the greatest common factor of r and 10?
2
Let q be (-8 + -2)/(1/(-3)). Calculate the highest common factor of q and 45.
15
Suppose -m + 2 = 0, 2*m - 231 = -3*w + 157. Suppose 3*b + b + 5*p = 116, 5*b - w = -2*p. Let d = -48 - -120. What is the greatest common factor of b and d?
24
Let y be 3/(((-15)/(-9))/(-5)). Let p = y - -17. Calculate the greatest common factor of p and 64.
8
Let y(a) be the first derivative of a**2 + 6*a + 4. Let m be y(6). What is the highest common factor of 36 and m?
18
Suppose -5*j - 215 = -3*x + x, -5*j = -4*x + 425. Let l be 3/(3/(-2)) + 23. What is the highest common divisor of l and x?
21
Let t(h) be the third derivative of -h**6/120 - h**5/60 + h**4/24 + 85*h**3/6 - 6*h**2. Let r be t(0). Calculate the greatest common divisor of 34 and r.
17
Let p(s) = -2*s**3 + 1. Let t = -5 + 11. Suppose 5*i + 6 = -3*x - t, 2*x = -4*i - 10. Let z be p(i). Calculate the greatest common divisor of z and 11.
11
Let a(z) = -2*z**3 + 2*z**2 + 2*z. Let f(t) = 0 - 8*t - t**3 + 0 - 8*t**2 - 9. Let w be f(-7). Let h be a(w). Calculate the greatest common factor of 220 and h.
20
Suppose 2*v = -v + 18. Let g = 18 - v. Suppose u - 4*h = -9*h + 51, -2*h = 4*u - 150. Calculate the greatest common divisor of u and g.
12
Let z = 16 + 17. Let b(d) = -5*d + 1. Suppose -t - 2 = -0*t. Let l be b(t). What is the highest common divisor of l and z?
11
Suppose 5*d - p - 443 = d, -4*d = 4*p - 428. Suppose o + r = -2*o + 365, -4*r = o - 140. Let g be 4/3*o/16. Calculate the greatest common divisor of d and g.
10
Let o be 4/(-22) - (-1440)/55. What is the greatest common divisor of 13 and o?
13
Let w = -67 + 86. Calculate the highest common factor of 171 and w.
19
Suppose 0 = -3*u + 2*u - 8. Let h = u + 11. Suppose 12 = -b + 33. Calculate the highest common divisor of b and h.
3
Le